f 1161396?
1
What is the hundreds digit of 6507885?
8
What is the hundreds digit of 18295086?
0
What is the ten thousands digit of 815831?
1
What is the hundred thousands digit of 938068?
9
What is the ten thousands digit of 11906431?
0
What is the hundreds digit of 4540186?
1
What is the thousands digit of 7285778?
5
What is the ten thousands digit of 261665?
6
What is the ten thousands digit of 53284?
5
What is the thousands digit of 46524?
6
What is the ten thousands digit of 16354543?
5
What is the thousands digit of 3944946?
4
What is the tens digit of 35943?
4
What is the ten thousands digit of 726928?
2
What is the tens digit of 954074?
7
What is the thousands digit of 619843?
9
What is the tens digit of 8515198?
9
What is the hundreds digit of 185970?
9
What is the ten millions digit of 17651701?
1
What is the thousands digit of 3226611?
6
What is the units digit of 19682?
2
What is the thousands digit of 423743?
3
What is the tens digit of 1727588?
8
What is the tens digit of 3456526?
2
What is the units digit of 796521?
1
What is the hundred thousands digit of 6989787?
9
What is the millions digit of 4626650?
4
What is the thousands digit of 303036?
3
What is the units digit of 40728660?
0
What is the thousands digit of 792106?
2
What is the hundred thousands digit of 995168?
9
What is the tens digit of 2183762?
6
What is the hundreds digit of 1446013?
0
What is the tens digit of 1124162?
6
What is the units digit of 10067172?
2
What is the hundred thousands digit of 2213890?
2
What is the units digit of 185130?
0
What is the units digit of 336281?
1
What is the units digit of 1042612?
2
What is the hundred thousands digit of 241328?
2
What is the ten thousands digit of 2307468?
0
What is the hundreds digit of 1573701?
7
What is the units digit of 1056620?
0
What is the units digit of 535540?
0
What is the hundreds digit of 342089?
0
What is the tens digit of 4565201?
0
What is the units digit of 110579?
9
What is the hundreds digit of 1034749?
7
What is the ten thousands digit of 20603916?
0
What is the units digit of 25564324?
4
What is the ten thousands digit of 476708?
7
What is the thousands digit of 3161?
3
What is the hundred thousands digit of 2565833?
5
What is the units digit of 826367?
7
What is the hundreds digit of 194811?
8
What is the units digit of 83562?
2
What is the tens digit of 237871?
7
What is the thousands digit of 257105?
7
What is the millions digit of 2430293?
2
What is the thousands digit of 2123028?
3
What is the ten thousands digit of 691119?
9
What is the millions digit of 7351453?
7
What is the units digit of 225775?
5
What is the hundreds digit of 189530?
5
What is the hundred thousands digit of 405753?
4
What is the ten thousands digit of 5270902?
7
What is the hundred thousands digit of 2081646?
0
What is the ten thousands digit of 54403?
5
What is the hundred thousands digit of 2121905?
1
What is the units digit of 117525?
5
What is the units digit of 7712013?
3
What is the units digit of 8799181?
1
What is the units digit of 91288?
8
What is the ten thousands digit of 5823516?
2
What is the tens digit of 117477?
7
What is the thousands digit of 11046672?
6
What is the ten thousands digit of 53925?
5
What is the thousands digit of 4602292?
2
What is the hundred thousands digit of 985246?
9
What is the hundreds digit of 12756330?
3
What is the ten thousands digit of 1349142?
4
What is the units digit of 8061003?
3
What is the hundreds digit of 1148796?
7
What is the units digit of 108034?
4
What is the hundreds digit of 2241606?
6
What is the hundreds digit of 231444?
4
What is the millions digit of 1381520?
1
What is the thousands digit of 5430151?
0
What is the tens digit of 783419?
1
What is the hundreds digit of 1448961?
9
What is the hundreds digit of 273811?
8
What is the ten millions digit of 18136402?
1
What is the tens digit of 1177425?
2
What is the hundred thousands digit of 2214526?
2
What is the millions digit of 3331142?
3
What is the millions digit of 8463126?
8
What is the tens digit of 5104558?
5
What is the thousands digit of 10049331?
9
What is the hundreds digit of 8933166?
1
What is the hundred thousands digit of 19386836?
3
What is the hundred thousands digit of 1368983?
3
What is the ten thousands digit of 159617?
5
What is the ten millions digit of 29734156?
2
What is the hundreds digit of 208098?
0
What is the hundred thousands digit of 7972749?
9
What is the units digit of 632161?
1
What is the units digit of 1432261?
1
What is the ten thousands digit of 14415563?
1
What is the tens digit of 203139?
3
What is the hundreds digit of 2053996?
9
What is the hundred thousands digit of 247360?
2
What is the units digit of 405067?
7
What is the hundreds digit of 551306?
3
What is the thousands digit of 624173?
4
What is the hundred thousands digit of 216759?
2
What is the ten thousands digit of 406202?
0
What is the units digit of 763096?
6
What is the millions digit of 18239995?
8
What is the tens digit of 533619?
1
What is the tens digit of 743046?
4
What is the hundred thousands digit of 562231?
5
What is the units digit of 873955?
5
What is the units digit of 746975?
5
What is the hundreds digit of 144054?
0
What is the tens digit of 1954494?
9
What is the tens digit of 138431?
3
What is the hundreds digit of 415650?
6
What is the units digit of 206199?
9
What is the units digit of 3554309?
9
What is the tens digit of 671946?
4
What is the ten thousands digit of 2689542?
8
What is the hundreds digit of 191597?
5
What is the ten thousands digit of 6564200?
6
What is the hundreds digit of 51674?
6
What is the units digit of 2415798?
8
What is the thousands digit of 122652?
2
What is the thousands digit of 6318233?
8
What is the tens digit of 681356?
5
What is the hundred thousands digit of 3106921?
1
What is the tens digit of 23079293?
9
What is the ten millions digit of 15539226?
1
What is the units digit of 1593701?
1
What is the hundreds digit of 16119090?
0
What is the thousands digit of 20908?
0
What is the hundred thousands digit of 642269?
6
What is the millions digit of 1425267?
1
What is the millions digit of 6957348?
6
What is the ten thousands digit of 154236?
5
What is the ten thousands digit of 2880515?
8
What is the hundreds digit of 14201680?
6
What is the hundreds digit of 1842849?
8
What is the units digit of 5641666?
6
What is the hundreds digit of 16163900?
9
What is the thousands digit of 11319665?
9
What is the units digit of 18596298?
8
What is the thousands digit of 6380786?
0
What is the ten thousands digit of 414279?
1
What is the ten millions digit of 30441330?
3
What is the hundreds digit of 502071?
0
What is the ten thousands digit of 20279066?
7
What is the thousands digit of 6266306?
6
What is the hundred thousands digit of 18078531?
0
What is the hundred thousands digit of 139686?
1
What is the tens digit of 5126105?
0
What is the units digit of 13899834?
4
What is the hundreds digit of 12066308?
3
What is the tens digit of 114738?
3
What is the thousands digit of 103733?
3
What is the tens digit of 71332?
3
What is the tens digit of 3172142?
4
What is the tens digit of 442232?
3
What is the hundred thousands digit of 2820839?
8
What is the thousands digit of 11036838?
6
What is the ten thousands digit of 169813?
6
What is the thousands digit of 7587976?
7
What is the hundreds digit of 3301803?
8
What is the hundreds digit of 1671019?
0
What is the hundreds digit of 60939?
9
What is the ten millions digit of 19562973?
1
What is the hundred thousands digit of 897853?
8
What is the hundred thousands digit of 3343678?
3
What is the ten thousands digit of 436006?
3
What is the hundred thousands digit of 916290?
9
What is the tens digit of 570480?
8
What is the hundred thousands digit of 641661?
6
What is the units digit of 2521333?
3
What is the ten thousands digit of 540910?
4
What is the millions digit of 24505453?
4
What is the units digit of 16679198?
8
What is the tens digit of 2522673?
7
What is the thousands digit of 425612?
5
What is the thousands digit of 999752?
9
What is the millions digit of 10269691?
0
What is the millions digit of 6388792?
6
What is the ten thousands digit of 1893163?
9
What is the millions digit of 8028857?
8
What i